hen 33 is divided by 7?
5
What is the remainder when 111 is divided by 7?
6
What is the remainder when 567 is divided by 26?
21
What is the remainder when 5234 is divided by 34?
32
Calculate the remainder when 337 is divided by 17.
14
Calculate the remainder when 706 is divided by 101.
100
What is the remainder when 227 is divided by 20?
7
What is the remainder when 433 is divided by 136?
25
What is the remainder when 1978 is divided by 22?
20
What is the remainder when 1085 is divided by 39?
32
Calculate the remainder when 1563 is divided by 250.
63
What is the remainder when 43 is divided by 12?
7
Calculate the remainder when 994 is divided by 146.
118
What is the remainder when 425 is divided by 87?
77
What is the remainder when 87 is divided by 6?
3
What is the remainder when 121 is divided by 66?
55
What is the remainder when 9954 is divided by 38?
36
What is the remainder when 1484 is divided by 93?
89
What is the remainder when 258 is divided by 34?
20
What is the remainder when 2300 is divided by 137?
108
What is the remainder when 429 is divided by 102?
21
Calculate the remainder when 2706 is divided by 208.
2
What is the remainder when 41986 is divided by 190?
186
What is the remainder when 1073 is divided by 89?
5
Calculate the remainder when 150 is divided by 51.
48
Calculate the remainder when 171 is divided by 35.
31
Calculate the remainder when 48 is divided by 35.
13
What is the remainder when 138 is divided by 23?
0
What is the remainder when 76 is divided by 39?
37
Calculate the remainder when 629 is divided by 70.
69
What is the remainder when 13968 is divided by 17?
11
Calculate the remainder when 3346 is divided by 373.
362
Calculate the remainder when 584 is divided by 52.
12
What is the remainder when 376 is divided by 76?
72
Calculate the remainder when 1736 is divided by 576.
8
Calculate the remainder when 273 is divided by 74.
51
Calculate the remainder when 306 is divided by 73.
14
What is the remainder when 3498 is divided by 100?
98
What is the remainder when 68 is divided by 34?
0
What is the remainder when 1890 is divided by 101?
72
What is the remainder when 693 is divided by 174?
171
Calculate the remainder when 887 is divided by 33.
29
What is the remainder when 96 is divided by 59?
37
Calculate the remainder when 25917 is divided by 18.
15
What is the remainder when 3095 is divided by 97?
88
What is the remainder when 13 is divided by 6?
1
Calculate the remainder when 4770 is divided by 129.
126
What is the remainder when 23073 is divided by 18?
15
What is the remainder when 101 is divided by 17?
16
Calculate the remainder when 123 is divided by 44.
35
Calculate the remainder when 405 is divided by 29.
28
Calculate the remainder when 90 is divided by 31.
28
What is the remainder when 90 is divided by 11?
2
Calculate the remainder when 87 is divided by 7.
3
Calculate the remainder when 1239 is divided by 38.
23
Calculate the remainder when 288 is divided by 4.
0
Calculate the remainder when 3779 is divided by 9.
8
Calculate the remainder when 232 is divided by 78.
76
Calculate the remainder when 259 is divided by 25.
9
Calculate the remainder when 243 is divided by 21.
12
Calculate the remainder when 937 is divided by 32.
9
Calculate the remainder when 481 is divided by 154.
19
Calculate the remainder when 1406 is divided by 46.
26
What is the remainder when 2234 is divided by 734?
32
Calculate the remainder when 622 is divided by 51.
10
Calculate the remainder when 468 is divided by 2.
0
What is the remainder when 102 is divided by 29?
15
What is the remainder when 79 is divided by 22?
13
What is the remainder when 373 is divided by 29?
25
What is the remainder when 792 is divided by 80?
72
What is the remainder when 68 is divided by 17?
0
Calculate the remainder when 215 is divided by 56.
47
Calculate the remainder when 717 is divided by 182.
171
Calculate the remainder when 423 is divided by 72.
63
What is the remainder when 642 is divided by 72?
66
Calculate the remainder when 151 is divided by 69.
13
Calculate the remainder when 396 is divided by 80.
76
What is the remainder when 88 is divided by 60?
28
What is the remainder when 392 is divided by 203?
189
What is the remainder when 860 is divided by 853?
7
What is the remainder when 453 is divided by 13?
11
Calculate the remainder when 13144 is divided by 55.
54
What is the remainder when 95 is divided by 4?
3
What is the remainder when 134 is divided by 38?
20
Calculate the remainder when 128 is divided by 51.
26
Calculate the remainder when 412 is divided by 34.
4
Calculate the remainder when 444 is divided by 53.
20
Calculate the remainder when 146 is divided by 82.
64
What is the remainder when 339 is divided by 18?
15
What is the remainder when 9263 is divided by 309?
302
Calculate the remainder when 14 is divided by 5.
4
Calculate the remainder when 457 is divided by 56.
9
What is the remainder when 75 is divided by 17?
7
What is the remainder when 120 is divided by 25?
20
Calculate the remainder when 644 is divided by 36.
32
What is the remainder when 575 is divided by 52?
3
Calculate the remainder when 2932 is divided by 18.
16
Calculate the remainder when 46 is divided by 16.
14
Calculate the remainder when 79 is divided by 57.
22
What is the remainder when 147 is divided by 84?
63
What is the remainder when 331 is divided by 113?
105
Calculate the remainder when 151 is divided by 144.
7
What is the remainder when 115 is divided by 20?
15
Calculate the remainder when 11177 is divided by 81.
80
Calculate the remainder when 295 is divided by 61.
51
Calculate the remainder when 104 is divided by 94.
10
Calculate the remainder when 287 is divided by 75.
62
What is the remainder when 1078 is divided by 18?
16
What is the remainder when 2196 is divided by 100?
96
Calculate the remainder when 303 is divided by 5.
3
What is the remainder when 539 is divided by 5?
4
Calculate the remainder when 135 is divided by 75.
60
Calculate the remainder when 84 is divided by 45.
39
What is the remainder when 63 is divided by 3?
0
Calculate the remainder when 131 is divided by 38.
17
What is the remainder when 767 is divided by 11?
8
Calculate the remainder when 119 is divided by 87.
32
What is the remainder when 326 is divided by 157?
12
Calculate the remainder when 41 is divided by 22.
19
What is the remainder when 618 is divided by 6?
0
Calculate the remainder when 247 is divided by 155.
92
Calculate the remainder when 131 is divided by 36.
23
What is the remainder when 781 is divided by 98?
95
Calculate the remainder when 239 is divided by 80.
79
Calculate the remainder when 33 is divided by 6.
3
What is the remainder when 1107 is divided by 3?
0
What is the remainder when 27 is divided by 5?
2
What is the remainder when 78 is divided by 60?
18
What is the remainder when 10386 is divided by 13?
12
Calculate the remainder when 338 is divided by 49.
44
Calculate the remainder when 610 is divided by 499.
111
What is the remainder when 5547 is divided by 179?
177
What is the remainder when 15564 is divided by 8?
4
Calculate the remainder when 983 is divided by 24.
23
What is the remainder when 1221 is divided by 13?
12
Calculate the remainder when 238 is divided by 58.
6
What is the remainder when 201 is divided by 29?
27
Calculate the remainder when 22056 is divided by 129.
126
Calculate the remainder when 513 is divided by 511.
2
Calculate the remainder when 216 is divided by 28.
20
Calculate the remainder when 1584 is divided by 192.
48
What is the remainder when 3296 is divided by 16?
0
Calculate the remainder when 72 is divided by 35.
2
Calculate the remainder when 238 is divided by 20.
18
Calculate the remainder when 89 is divided by 54.
35
Calculate the remainder when 1870 is divided by 117.
115
Calculate the remainder when 69 is divided by 24.
21
What is the remainder when 1048 is divided by 14?
12
What is the remainder when 109 is divided by 19?
14
Calculate the remainder when 648 is divided by 183.
99
What is the remainder when 62 is divided by 7?
6
What is the remainder when 153 is divided by 27?
18
What is the remainder when 79 is divided by 17?
11
Calculate the remainder when 260 is divided by 68.
56
What is the remainder when 768 is divided by 758